{"id":32,"date":"2015-11-26T08:53:34","date_gmt":"2015-11-26T08:53:34","guid":{"rendered":"http:\/\/demo.awethemes.com\/caruso\/?page_id=32"},"modified":"2016-10-12T23:26:00","modified_gmt":"2016-10-12T21:26:00","slug":"historia","status":"publish","type":"page","link":"https:\/\/hotelresidence.pl\/pl\/historia\/","title":{"rendered":"Historia"},"content":{"rendered":"<p>[vc_row][vc_column][\/vc_column][\/vc_row][vc_row][vc_column width=&#8221;1\/2&#8243; css=&#8221;.vc_custom_1448336576950{padding-top: 35px !important;padding-bottom: 0px !important;}&#8221;][vc_column_text]<\/p>\n<h1 class=\"sbig\">HISTORIA REWALA<\/h1>\n<h5>Powstanie miejscowo\u015bci znanej jako Rewahl datuje si\u0119 na drug\u0105 po\u0142ow\u0119 XIV wieku, kiedy to postawiono zb\u00f3jeck\u0105 karczm\u0119 na szlaku \u0142\u0105cz\u0105cym Gda\u0144sk, Ko\u0142obrzeg i Kamie\u0144 Pomorski.<\/h5>\n<p><img loading=\"lazy\" decoding=\"async\" class=\"wp-image-545 alignleft\" src=\"http:\/\/www.hotelresidence.pl\/wp-content\/uploads\/2015\/12\/historia5-300x200.jpg\" width=\"242\" height=\"158\" \/><img loading=\"lazy\" decoding=\"async\" class=\"wp-image-547 alignleft\" src=\"http:\/\/www.hotelresidence.pl\/wp-content\/uploads\/2015\/12\/historia7-300x200.jpg\" width=\"242\" height=\"160\" srcset=\"https:\/\/hotelresidence.pl\/wp-content\/uploads\/2015\/12\/historia7-300x200.jpg 300w, https:\/\/hotelresidence.pl\/wp-content\/uploads\/2015\/12\/historia7-768x512.jpg 768w, https:\/\/hotelresidence.pl\/wp-content\/uploads\/2015\/12\/historia7.jpg 800w\" sizes=\"(max-width: 242px) 100vw, 242px\" \/><\/p>\n<p>[\/vc_column_text][\/vc_column][vc_column width=&#8221;1\/2&#8243; css=&#8221;.vc_custom_acdf{padding-top: 90px !important;padding-bottom: 90px !important;padding-left: 80px !important; padding-right: 80px !important;background-color: #e2e2e2 !important;}&#8221;][vc_column_text el_class=&#8221;.droid-font&#8221;]<\/p>\n<blockquote>\n<h2><strong>Tereny dzisiejszej gminy Rewal maj\u0105 do\u015b\u0107 burzliw\u0105 histori\u0119.<\/strong><\/h2>\n<\/blockquote>\n<p>[vc_row][vc_column width=&#8221;1\/2&#8243; css=&#8221;.cytat_srodek{padding-top: 15px !important;padding-bottom: 15px !important;}&#8221;][vc_column_text]<br \/>\n[\/vc_column_text][\/vc_column][\/vc_row]<\/p>\n<blockquote><p><strong>Obecnie Rewal jest stolic\u0105 jednego z najpi\u0119kniejszych odcink\u00f3w polskiego wybrze\u017ca.<br \/>\n<\/strong><\/p><\/blockquote>\n<p>[vc_row][vc_column width=&#8221;1\/2&#8243; css=&#8221;.vc_custom_dsad{padding-top: 60px !important;padding-bottom: 70px !important;padding-left: 80px !important; padding-right: 80px !important;background-color: #e2e2e2 !important;}&#8221;][vc_column_text el_class=&#8221;.droid-font&#8221;]<\/p>\n<p>Zamieszkiwa\u0142y j\u0105 r\u00f3\u017cne nacje, rzec by mo\u017cna \u2013 przechodzi\u0142a z r\u0105k do r\u0105k. W pierwszych wiekach naszej ery tereny nad Ba\u0142tykiem zamieszkiwane by\u0142y przez Wandal\u00f3w, potem przez Wened\u00f3w, a w X wieku przy\u0142\u0105czono je do\u00a0 Polski. W roku 1181 roku sta\u0142y si\u0119 lennem niemieckim, by w 1630 na kolejne dwa wieki ulec Szwedom. W roku 1811 t\u0105 nadmorsk\u0105 ziemi\u0105 \u201ezaopiekowa\u0142y si\u0119\u201d Prusy. W tym\u017ce XIX w. przebywa\u0142y tu tak\u017ce czasowo oddzia\u0142y Napoleona.<\/p>\n<p>Powstanie niemieckiej wsi <strong>Rewahl (dzisiejszego Rewala)<\/strong> datuje si\u0119 na XV w., lecz sta\u0142a si\u0119 ona znana dopiero cztery wieki p\u00f3\u017aniej, gdy w roku 1831 za\u0142o\u017cono tu k\u0105pielisko, a w 1896 r. doprowadzono pierwsz\u0105 zachodni\u0105 lini\u0119 Gryfickiej Kolei W\u0105skotorowej \u0142\u0105cz\u0105cej Gryfice z Niechorzem. Od tego momentu Rewal odwiedza\u0142y rzesze turyst\u00f3w, dla kt\u00f3rych atrakcj\u0119 stanowi\u0142 przyjazny klimat, czysta woda morska, pi\u0119kna pla\u017ca i otaczaj\u0105ce miejscowo\u015b\u0107 dziewicze lasy.<\/p>\n<p>[\/vc_column_text][\/vc_column][vc_column width=&#8221;1\/2&#8243; css=&#8221;.vc_custom_wwsj{padding-top: 35px !important;padding-bottom: 55px !important;}&#8221;][vc_column_text]<\/p>\n<p>Turystyka na tych terenach rozwija\u0142a si\u0119 dynamicznie na pocz\u0105tku XX w., kiedy otwarte zosta\u0142o kolejne po\u0142\u0105czenie kolejowe z Trzebiatowem, oraz w okresie mi\u0119dzywojennym.<\/p>\n<p>Po II wojnie \u015bwiatowej Rewahl znalaz\u0142 si\u0119 w Polsce i spolszczy\u0142 sw\u0105 nazw\u0119 na Rewal. Od 1973 sta\u0142 si\u0119 \u201estolic\u0105\u201d samodzielnej gminy.<\/p>\n<blockquote>\n<h5>W dwudziestoleciu mi\u0119dzywojennym do Rewala przyje\u017cd\u017ca\u0142o rocznie od 2000 do ponad 3500 os\u00f3b.<br \/>\nW\u0142a\u015bnie z uwagi na letnik\u00f3w powsta\u0142y w Rewalu w latach 1906-08 dwa zak\u0142ady k\u0105pielowe: m\u0119ski i \u017ce\u0144ski.<br \/>\n<cite><\/cite><\/h5>\n<\/blockquote>\n<h5><img loading=\"lazy\" decoding=\"async\" class=\"alignleft wp-image-544\" src=\"http:\/\/www.hotelresidence.pl\/wp-content\/uploads\/2015\/12\/historia4-300x195.jpg\" width=\"242\" height=\"157\" srcset=\"https:\/\/hotelresidence.pl\/wp-content\/uploads\/2015\/12\/historia4-300x195.jpg 300w, https:\/\/hotelresidence.pl\/wp-content\/uploads\/2015\/12\/historia4-768x499.jpg 768w, https:\/\/hotelresidence.pl\/wp-content\/uploads\/2015\/12\/historia4.jpg 800w\" sizes=\"(max-width: 242px) 100vw, 242px\" \/><img loading=\"lazy\" decoding=\"async\" class=\"alignleft wp-image-543\" src=\"http:\/\/www.hotelresidence.pl\/wp-content\/uploads\/2015\/12\/historia3-300x195.jpg\" width=\"244\" height=\"159\" srcset=\"https:\/\/hotelresidence.pl\/wp-content\/uploads\/2015\/12\/historia3-300x195.jpg 300w, https:\/\/hotelresidence.pl\/wp-content\/uploads\/2015\/12\/historia3-768x499.jpg 768w, https:\/\/hotelresidence.pl\/wp-content\/uploads\/2015\/12\/historia3.jpg 800w\" sizes=\"(max-width: 244px) 100vw, 244px\" \/><\/h5>\n<h5><\/h5>\n<h5><\/h5>\n<h5><\/h5>\n<p>[\/vc_column_text][\/vc_column][\/vc_row]<\/p>\n<h5><\/h5>\n<p><\/p>","protected":false},"excerpt":{"rendered":"<p>[vc_row][vc_column][\/vc_column][\/vc_row][vc_row][vc_column width=&#8221;1\/2&#8243; css=&#8221;.vc_custom_1448336576950{padding-top: 35px !important;padding-bottom: 0px !important;}&#8221;][vc_column_text] HISTORIA REWALA Powstanie miejscowo\u015bci znanej jako Rewahl datuje si\u0119 na drug\u0105 po\u0142ow\u0119 XIV wieku, kiedy to postawiono zb\u00f3jeck\u0105 karczm\u0119 na szlaku \u0142\u0105cz\u0105cym Gda\u0144sk, Ko\u0142obrzeg i Kamie\u0144 Pomorski. [\/vc_column_text][\/vc_column][vc_column width=&#8221;1\/2&#8243; css=&#8221;.vc_custom_acdf{padding-top: 90px !important;padding-bottom: 90px !important;padding-left: 80px !important; padding-right: 80px !important;background-color: #e2e2e2 !important;}&#8221;][vc_column_text el_class=&#8221;.droid-font&#8221;] Tereny dzisiejszej gminy Rewal maj\u0105 do\u015b\u0107 [&hellip;]<\/p>\n","protected":false},"author":1,"featured_media":0,"parent":0,"menu_order":0,"comment_status":"closed","ping_status":"closed","template":"page-notitle.php","meta":{"footnotes":""},"_links":{"self":[{"href":"https:\/\/hotelresidence.pl\/pl\/wp-json\/wp\/v2\/pages\/32"}],"collection":[{"href":"https:\/\/hotelresidence.pl\/pl\/wp-json\/wp\/v2\/pages"}],"about":[{"href":"https:\/\/hotelresidence.pl\/pl\/wp-json\/wp\/v2\/types\/page"}],"author":[{"embeddable":true,"href":"https:\/\/hotelresidence.pl\/pl\/wp-json\/wp\/v2\/users\/1"}],"replies":[{"embeddable":true,"href":"https:\/\/hotelresidence.pl\/pl\/wp-json\/wp\/v2\/comments?post=32"}],"version-history":[{"count":58,"href":"https:\/\/hotelresidence.pl\/pl\/wp-json\/wp\/v2\/pages\/32\/revisions"}],"predecessor-version":[{"id":1962,"href":"https:\/\/hotelresidence.pl\/pl\/wp-json\/wp\/v2\/pages\/32\/revisions\/1962"}],"wp:attachment":[{"href":"https:\/\/hotelresidence.pl\/pl\/wp-json\/wp\/v2\/media?parent=32"}],"curies":[{"name":"wp","href":"https:\/\/api.w.org\/{rel}","templated":true}]}}

<p>[vc_row][vc_column][/vc_column][/vc_row][vc_row][vc_column width=&#8221;1/2&#8243; css=&#8221;.vc_custom_1448336576950{padding-top: 35px !important;padding-bottom: 0px !important;}&#8221;][vc_column_text]</p>
<h1 class="sbig">HISTORIA REWALA</h1>
<h5>Powstanie miejscowości znanej jako Rewahl datuje się na drugą połowę XIV wieku, kiedy to postawiono zbójecką karczmę na szlaku łączącym Gdańsk, Kołobrzeg i Kamień Pomorski.</h5>
<p><img loading="lazy" decoding="async" class="wp-image-545 alignleft" src="http://www.hotelresidence.pl/wp-content/uploads/2015/12/historia5-300x200.jpg" width="242" height="158" /><img loading="lazy" decoding="async" class="wp-image-547 alignleft" src="http://www.hotelresidence.pl/wp-content/uploads/2015/12/historia7-300x200.jpg" width="242" height="160" srcset="https://hotelresidence.pl/wp-content/uploads/2015/12/historia7-300x200.jpg 300w, https://hotelresidence.pl/wp-content/uploads/2015/12/historia7-768x512.jpg 768w, https://hotelresidence.pl/wp-content/uploads/2015/12/historia7.jpg 800w" sizes="(max-width: 242px) 100vw, 242px" /></p>
<p>[/vc_column_text][/vc_column][vc_column width=&#8221;1/2&#8243; css=&#8221;.vc_custom_acdf{padding-top: 90px !important;padding-bottom: 90px !important;padding-left: 80px !important; padding-right: 80px !important;background-color: #e2e2e2 !important;}&#8221;][vc_column_text el_class=&#8221;.droid-font&#8221;]</p>
<blockquote>
<h2><strong>Tereny dzisiejszej gminy Rewal mają dość burzliwą historię.</strong></h2>
</blockquote>
<p>[vc_row][vc_column width=&#8221;1/2&#8243; css=&#8221;.cytat_srodek{padding-top: 15px !important;padding-bottom: 15px !important;}&#8221;][vc_column_text]<br />
[/vc_column_text][/vc_column][/vc_row]</p>
<blockquote><p><strong>Obecnie Rewal jest stolicą jednego z najpiękniejszych odcinków polskiego wybrzeża.<br />
</strong></p></blockquote>
<p>[vc_row][vc_column width=&#8221;1/2&#8243; css=&#8221;.vc_custom_dsad{padding-top: 60px !important;padding-bottom: 70px !important;padding-left: 80px !important; padding-right: 80px !important;background-color: #e2e2e2 !important;}&#8221;][vc_column_text el_class=&#8221;.droid-font&#8221;]</p>
<p>Zamieszkiwały ją różne nacje, rzec by można – przechodziła z rąk do rąk. W pierwszych wiekach naszej ery tereny nad Bałtykiem zamieszkiwane były przez Wandalów, potem przez Wenedów, a w X wieku przyłączono je do  Polski. W roku 1181 roku stały się lennem niemieckim, by w 1630 na kolejne dwa wieki ulec Szwedom. W roku 1811 tą nadmorską ziemią „zaopiekowały się” Prusy. W tymże XIX w. przebywały tu także czasowo oddziały Napoleona.</p>
<p>Powstanie niemieckiej wsi <strong>Rewahl (dzisiejszego Rewala)</strong> datuje się na XV w., lecz stała się ona znana dopiero cztery wieki później, gdy w roku 1831 założono tu kąpielisko, a w 1896 r. doprowadzono pierwszą zachodnią linię Gryfickiej Kolei Wąskotorowej łączącej Gryfice z Niechorzem. Od tego momentu Rewal odwiedzały rzesze turystów, dla których atrakcję stanowił przyjazny klimat, czysta woda morska, piękna plaża i otaczające miejscowość dziewicze lasy.</p>
<p>[/vc_column_text][/vc_column][vc_column width=&#8221;1/2&#8243; css=&#8221;.vc_custom_wwsj{padding-top: 35px !important;padding-bottom: 55px !important;}&#8221;][vc_column_text]</p>
<p>Turystyka na tych terenach rozwijała się dynamicznie na początku XX w., kiedy otwarte zostało kolejne połączenie kolejowe z Trzebiatowem, oraz w okresie międzywojennym.</p>
<p>Po II wojnie światowej Rewahl znalazł się w Polsce i spolszczył swą nazwę na Rewal. Od 1973 stał się „stolicą” samodzielnej gminy.</p>
<blockquote>
<h5>W dwudziestoleciu międzywojennym do Rewala przyjeżdżało rocznie od 2000 do ponad 3500 osób.<br />
Właśnie z uwagi na letników powstały w Rewalu w latach 1906-08 dwa zakłady kąpielowe: męski i żeński.<br />
<cite></cite></h5>
</blockquote>
<h5><img loading="lazy" decoding="async" class="alignleft wp-image-544" src="http://www.hotelresidence.pl/wp-content/uploads/2015/12/historia4-300x195.jpg" width="242" height="157" srcset="https://hotelresidence.pl/wp-content/uploads/2015/12/historia4-300x195.jpg 300w, https://hotelresidence.pl/wp-content/uploads/2015/12/historia4-768x499.jpg 768w, https://hotelresidence.pl/wp-content/uploads/2015/12/historia4.jpg 800w" sizes="(max-width: 242px) 100vw, 242px" /><img loading="lazy" decoding="async" class="alignleft wp-image-543" src="http://www.hotelresidence.pl/wp-content/uploads/2015/12/historia3-300x195.jpg" width="244" height="159" srcset="https://hotelresidence.pl/wp-content/uploads/2015/12/historia3-300x195.jpg 300w, https://hotelresidence.pl/wp-content/uploads/2015/12/historia3-768x499.jpg 768w, https://hotelresidence.pl/wp-content/uploads/2015/12/historia3.jpg 800w" sizes="(max-width: 244px) 100vw, 244px" /></h5>
<h5></h5>
<h5></h5>
<h5></h5>
<p>[/vc_column_text][/vc_column][/vc_row]</p>
<h5></h5>
<p></p>

<p>[vc_row][vc_column][/vc_column][/vc_row][vc_row][vc_column width=&#8221;1/2&#8243; css=&#8221;.vc_custom_1448336576950{padding-top: 35px !important;padding-bottom: 0px !important;}&#8221;][vc_column_text] HISTORIA REWALA Powstanie miejscowości znanej jako Rewahl datuje się na drugą połowę XIV wieku, kiedy to postawiono zbójecką karczmę na szlaku łączącym Gdańsk, Kołobrzeg i Kamień Pomorski. [/vc_column_text][/vc_column][vc_column width=&#8221;1/2&#8243; css=&#8221;.vc_custom_acdf{padding-top: 90px !important;padding-bottom: 90px !important;padding-left: 80px !important; padding-right: 80px !important;background-color: #e2e2e2 !important;}&#8221;][vc_column_text el_class=&#8221;.droid-font&#8221;] Tereny dzisiejszej gminy Rewal mają dość [&hellip;]</p>
