{"id":1185,"date":"2016-07-06T10:48:27","date_gmt":"2016-07-06T08:48:27","guid":{"rendered":"http:\/\/www.new.hotelresidence.pl\/?page_id=1185"},"modified":"2026-04-24T16:22:41","modified_gmt":"2026-04-24T14:22:41","slug":"dziecko-w-hotelu","status":"publish","type":"page","link":"https:\/\/hotelresidence.pl\/de\/dziecko-w-hotelu\/","title":{"rendered":"Kind im Hotel"},"content":{"rendered":"<p>[vc_row full_width=&#8220;stretch_row&#8220; css=&#8220;.bg-parallax{background-image: url(&#8218;\/wp-content\/uploads\/2016\/07\/dziecko-gora.jpg&#8216;) !important; background-size: cover; overflow: hidden;}&#8220;][vc_column][vc_empty_space height=&#8220;300px&#8220;][\/vc_column][\/vc_row]<\/p>\n<p>[vc_row][vc_column][\/vc_column][\/vc_row][vc_row][vc_column width=&#8220;1\/2&#8243; css=&#8220;.vc_custom_1448336576950{padding-top: 35px !important;padding-bottom: 0px !important;}&#8220;][vc_column_text]<\/p>\n<h1 class=\"sbig\">KIND IM HOTEL<\/h1>\n<h5><\/h5>\n<p><img loading=\"lazy\" decoding=\"async\" class=\"aligncenter wp-image-1221 size-full\" src=\"http:\/\/www.hotelresidence.pl\/wp-content\/uploads\/2016\/07\/dziecko.jpg\" width=\"942\" height=\"435\" srcset=\"https:\/\/hotelresidence.pl\/wp-content\/uploads\/2016\/07\/dziecko.jpg 942w, https:\/\/hotelresidence.pl\/wp-content\/uploads\/2016\/07\/dziecko-300x139.jpg 300w, https:\/\/hotelresidence.pl\/wp-content\/uploads\/2016\/07\/dziecko-768x355.jpg 768w\" sizes=\"(max-width: 942px) 100vw, 942px\" \/>[\/vc_column_text][\/vc_column][vc_column width=&#8220;1\/2&#8243; css=&#8220;.vc_custom_acdf{padding-top: 90px !important;padding-bottom: 90px !important;padding-left: 80px !important; padding-right: 80px !important;background-color: #e2e2e2 !important;}&#8220;][vc_column_text el_class=&#8220;.droid-font&#8220;]<\/p>\n<blockquote>\n<h5>Wir bem\u00fchen uns, dass der<strong> Urlaub den Sie<\/strong> bei uns verbringen ser gelungen wird. Nat\u00fcrlich m\u00f6chten wir die Kinder nicht vergessen.<\/h5>\n<\/blockquote>\n<p>&nbsp;<\/p>\n<p>[vc_row][vc_column width=&#8220;1\/2&#8243; css=&#8220;.cytat_srodek{padding-top: 15px !important;padding-bottom: 15px !important;}&#8220;][vc_column_text]<br \/>\n[\/vc_column_text][\/vc_column][\/vc_row]<\/p>\n<p>[vc_row][vc_column width=&#8220;1\/2&#8243; css=&#8220;.vc_custom_dsad{padding-top: 60px !important;padding-bottom: 70px !important;padding-left: 80px !important; padding-right: 80px !important;background-color: #e2e2e2 !important;}&#8220;][vc_column_text el_class=&#8220;.droid-font&#8220;]<\/p>\n<h5><strong>RESTAURANT<\/strong><\/h5>\n<p><strong>Unsere Restaurant<\/strong> wird das Essen vorbereiten mit Ber\u00fccksichtigung, nach Bedarf, von Euren Kinder. Unsere Caf\u00e9 bietet gro\u00dfe Auswahl an Desserts, Cocktails und Eissorten. Alle Salls sind mit Kinderstuhle ausgestattet.<\/p>\n<h5><strong>ZIMMER<\/strong><\/h5>\n<p>Auf Wunsch bestehed die M\u00f6glichkeit den <strong>Zimmer mit Bettchen<\/strong>, Anti \u2013 Rutsch \u2013 Matten, Flaschenvorw\u00e4rmer zu ausstatten.<\/p>\n<h5><strong>SPIELPLATZ GIBT<br \/>\n<\/strong><\/h5>\n<p>Auf dem <strong>Spielplatz gibt<\/strong> es eine Rutsche, Schauchel, Sprossenwand und Sandkasten, das ist alles was die Kinder brauchen um sich die Zeit angenehm zu gestalten.<\/p>\n<p>Wen es regnen sollte, haben wir f\u00fcr die Kindern Zeichenhefte, Malstifte und Bausteine vorbereitet und f\u00fcr die Jugendlichen Puzzeln, B\u00fccher und Spiellsett, so wird sich die Langeweile nicht einschleichen.<br \/>\n[\/vc_column_text][\/vc_column][vc_column width=&#8220;1\/2&#8243; css=&#8220;.vc_custom_wwsj{padding-top: 35px !important;padding-bottom: 55px !important;}&#8220;][vc_column_text]<\/p>\n<h4 style=\"text-align: left;\">EMPFANG<\/h4>\n<p>Auf Ihren Wunsch, bei der Reservierung, werden wir Sie \u00fcber Sehens w\u00fcrdigkeiten und Attraktoinen f\u00fcr die Kinder in der Umgebung informieren.<br \/>\nFalls n\u00f6tig wird erteilen wir Informationen \u00fcber Arzte, Apotheken und<br \/>\nKrankenh\u00e4usen. Wir Zeigen wo kann man den Kinderwagen aufbewahren.<br \/>\nAuf jeden Wunsch wird hei\u00dfes Wasser vorbereitet.<\/p>\n<blockquote>\n<h5><strong>Zus\u00e4tzliche Zimmer<\/strong> ausstattung melden Sie bitte mindestens 7 Tage vor dem Ankunft.<\/h5>\n<\/blockquote>\n<h5><img loading=\"lazy\" decoding=\"async\" class=\"aligncenter wp-image-1228 size-full\" src=\"http:\/\/www.hotelresidence.pl\/wp-content\/uploads\/2016\/07\/dziecko11.jpg\" width=\"942\" height=\"435\" srcset=\"https:\/\/hotelresidence.pl\/wp-content\/uploads\/2016\/07\/dziecko11.jpg 942w, https:\/\/hotelresidence.pl\/wp-content\/uploads\/2016\/07\/dziecko11-300x139.jpg 300w, https:\/\/hotelresidence.pl\/wp-content\/uploads\/2016\/07\/dziecko11-768x355.jpg 768w\" sizes=\"(max-width: 942px) 100vw, 942px\" \/><\/h5>\n<p>[\/vc_column_text][\/vc_column][\/vc_row]<\/p>\n<h5><\/h5>\n<p><\/p>","protected":false},"excerpt":{"rendered":"<p>[vc_row full_width=&#8220;stretch_row&#8220; css=&#8220;.bg-parallax{background-image: url(&#8218;\/wp-content\/uploads\/2016\/07\/dziecko-gora.jpg&#8216;) !important; background-size: cover; overflow: hidden;}&#8220;][vc_column][vc_empty_space height=&#8220;300px&#8220;][\/vc_column][\/vc_row] [vc_row][vc_column][\/vc_column][\/vc_row][vc_row][vc_column width=&#8220;1\/2&#8243; css=&#8220;.vc_custom_1448336576950{padding-top: 35px !important;padding-bottom: 0px !important;}&#8220;][vc_column_text] KIND IM HOTEL [\/vc_column_text][\/vc_column][vc_column width=&#8220;1\/2&#8243; css=&#8220;.vc_custom_acdf{padding-top: 90px !important;padding-bottom: 90px !important;padding-left: 80px !important; padding-right: 80px !important;background-color: #e2e2e2 !important;}&#8220;][vc_column_text el_class=&#8220;.droid-font&#8220;] Wir bem\u00fchen uns, dass der Urlaub den Sie bei uns verbringen ser gelungen wird. Nat\u00fcrlich m\u00f6chten wir die Kinder nicht [&hellip;]<\/p>\n","protected":false},"author":1,"featured_media":0,"parent":0,"menu_order":0,"comment_status":"closed","ping_status":"closed","template":"","meta":{"footnotes":""},"_links":{"self":[{"href":"https:\/\/hotelresidence.pl\/de\/wp-json\/wp\/v2\/pages\/1185"}],"collection":[{"href":"https:\/\/hotelresidence.pl\/de\/wp-json\/wp\/v2\/pages"}],"about":[{"href":"https:\/\/hotelresidence.pl\/de\/wp-json\/wp\/v2\/types\/page"}],"author":[{"embeddable":true,"href":"https:\/\/hotelresidence.pl\/de\/wp-json\/wp\/v2\/users\/1"}],"replies":[{"embeddable":true,"href":"https:\/\/hotelresidence.pl\/de\/wp-json\/wp\/v2\/comments?post=1185"}],"version-history":[{"count":85,"href":"https:\/\/hotelresidence.pl\/de\/wp-json\/wp\/v2\/pages\/1185\/revisions"}],"predecessor-version":[{"id":2346,"href":"https:\/\/hotelresidence.pl\/de\/wp-json\/wp\/v2\/pages\/1185\/revisions\/2346"}],"wp:attachment":[{"href":"https:\/\/hotelresidence.pl\/de\/wp-json\/wp\/v2\/media?parent=1185"}],"curies":[{"name":"wp","href":"https:\/\/api.w.org\/{rel}","templated":true}]}}

<p>[vc_row full_width=&#8220;stretch_row&#8220; css=&#8220;.bg-parallax{background-image: url(&#8218;/wp-content/uploads/2016/07/dziecko-gora.jpg&#8216;) !important; background-size: cover; overflow: hidden;}&#8220;][vc_column][vc_empty_space height=&#8220;300px&#8220;][/vc_column][/vc_row]</p>
<p>[vc_row][vc_column][/vc_column][/vc_row][vc_row][vc_column width=&#8220;1/2&#8243; css=&#8220;.vc_custom_1448336576950{padding-top: 35px !important;padding-bottom: 0px !important;}&#8220;][vc_column_text]</p>
<h1 class="sbig">KIND IM HOTEL</h1>
<h5></h5>
<p><img loading="lazy" decoding="async" class="aligncenter wp-image-1221 size-full" src="http://www.hotelresidence.pl/wp-content/uploads/2016/07/dziecko.jpg" width="942" height="435" srcset="https://hotelresidence.pl/wp-content/uploads/2016/07/dziecko.jpg 942w, https://hotelresidence.pl/wp-content/uploads/2016/07/dziecko-300x139.jpg 300w, https://hotelresidence.pl/wp-content/uploads/2016/07/dziecko-768x355.jpg 768w" sizes="(max-width: 942px) 100vw, 942px" />[/vc_column_text][/vc_column][vc_column width=&#8220;1/2&#8243; css=&#8220;.vc_custom_acdf{padding-top: 90px !important;padding-bottom: 90px !important;padding-left: 80px !important; padding-right: 80px !important;background-color: #e2e2e2 !important;}&#8220;][vc_column_text el_class=&#8220;.droid-font&#8220;]</p>
<blockquote>
<h5>Wir bemühen uns, dass der<strong> Urlaub den Sie</strong> bei uns verbringen ser gelungen wird. Natürlich möchten wir die Kinder nicht vergessen.</h5>
</blockquote>
<p>&nbsp;</p>
<p>[vc_row][vc_column width=&#8220;1/2&#8243; css=&#8220;.cytat_srodek{padding-top: 15px !important;padding-bottom: 15px !important;}&#8220;][vc_column_text]<br />
[/vc_column_text][/vc_column][/vc_row]</p>
<p>[vc_row][vc_column width=&#8220;1/2&#8243; css=&#8220;.vc_custom_dsad{padding-top: 60px !important;padding-bottom: 70px !important;padding-left: 80px !important; padding-right: 80px !important;background-color: #e2e2e2 !important;}&#8220;][vc_column_text el_class=&#8220;.droid-font&#8220;]</p>
<h5><strong>RESTAURANT</strong></h5>
<p><strong>Unsere Restaurant</strong> wird das Essen vorbereiten mit Berücksichtigung, nach Bedarf, von Euren Kinder. Unsere Café bietet große Auswahl an Desserts, Cocktails und Eissorten. Alle Salls sind mit Kinderstuhle ausgestattet.</p>
<h5><strong>ZIMMER</strong></h5>
<p>Auf Wunsch bestehed die Möglichkeit den <strong>Zimmer mit Bettchen</strong>, Anti – Rutsch – Matten, Flaschenvorwärmer zu ausstatten.</p>
<h5><strong>SPIELPLATZ GIBT<br />
</strong></h5>
<p>Auf dem <strong>Spielplatz gibt</strong> es eine Rutsche, Schauchel, Sprossenwand und Sandkasten, das ist alles was die Kinder brauchen um sich die Zeit angenehm zu gestalten.</p>
<p>Wen es regnen sollte, haben wir für die Kindern Zeichenhefte, Malstifte und Bausteine vorbereitet und für die Jugendlichen Puzzeln, Bücher und Spiellsett, so wird sich die Langeweile nicht einschleichen.<br />
[/vc_column_text][/vc_column][vc_column width=&#8220;1/2&#8243; css=&#8220;.vc_custom_wwsj{padding-top: 35px !important;padding-bottom: 55px !important;}&#8220;][vc_column_text]</p>
<h4 style="text-align: left;">EMPFANG</h4>
<p>Auf Ihren Wunsch, bei der Reservierung, werden wir Sie über Sehens würdigkeiten und Attraktoinen für die Kinder in der Umgebung informieren.<br />
Falls nötig wird erteilen wir Informationen über Arzte, Apotheken und<br />
Krankenhäusen. Wir Zeigen wo kann man den Kinderwagen aufbewahren.<br />
Auf jeden Wunsch wird heißes Wasser vorbereitet.</p>
<blockquote>
<h5><strong>Zusätzliche Zimmer</strong> ausstattung melden Sie bitte mindestens 7 Tage vor dem Ankunft.</h5>
</blockquote>
<h5><img loading="lazy" decoding="async" class="aligncenter wp-image-1228 size-full" src="http://www.hotelresidence.pl/wp-content/uploads/2016/07/dziecko11.jpg" width="942" height="435" srcset="https://hotelresidence.pl/wp-content/uploads/2016/07/dziecko11.jpg 942w, https://hotelresidence.pl/wp-content/uploads/2016/07/dziecko11-300x139.jpg 300w, https://hotelresidence.pl/wp-content/uploads/2016/07/dziecko11-768x355.jpg 768w" sizes="(max-width: 942px) 100vw, 942px" /></h5>
<p>[/vc_column_text][/vc_column][/vc_row]</p>
<h5></h5>
<p></p>

<p>[vc_row full_width=&#8220;stretch_row&#8220; css=&#8220;.bg-parallax{background-image: url(&#8218;/wp-content/uploads/2016/07/dziecko-gora.jpg&#8216;) !important; background-size: cover; overflow: hidden;}&#8220;][vc_column][vc_empty_space height=&#8220;300px&#8220;][/vc_column][/vc_row] [vc_row][vc_column][/vc_column][/vc_row][vc_row][vc_column width=&#8220;1/2&#8243; css=&#8220;.vc_custom_1448336576950{padding-top: 35px !important;padding-bottom: 0px !important;}&#8220;][vc_column_text] KIND IM HOTEL [/vc_column_text][/vc_column][vc_column width=&#8220;1/2&#8243; css=&#8220;.vc_custom_acdf{padding-top: 90px !important;padding-bottom: 90px !important;padding-left: 80px !important; padding-right: 80px !important;background-color: #e2e2e2 !important;}&#8220;][vc_column_text el_class=&#8220;.droid-font&#8220;] Wir bemühen uns, dass der Urlaub den Sie bei uns verbringen ser gelungen wird. Natürlich möchten wir die Kinder nicht [&hellip;]</p>
